ors of 458175154.
2, 229087577
List the prime factors of 178845742.
2, 7687, 11633
List the prime factors of 60325063.
41, 1471343
What are the prime factors of 26523842?
2, 17, 109, 421
List the prime factors of 7394677.
17, 434981
What are the prime factors of 96725820?
2, 3, 5, 281, 5737
List the prime factors of 2650424648.
2, 331303081
List the prime factors of 466787024.
2, 11, 23, 953
What are the prime factors of 574472432?
2, 17, 43, 49117
What are the prime factors of 942655346?
2, 2393, 196961
List the prime factors of 69584354.
2, 7, 101, 49211
What are the prime factors of 122914767?
3, 2297, 17837
What are the prime factors of 34240310?
2, 5, 13, 263387
List the prime factors of 17307679.
17307679
List the prime factors of 3130597.
31, 100987
What are the prime factors of 1824241903?
11, 31, 263, 20341
List the prime factors of 1466634130.
2, 5, 13, 19, 101, 5879
What are the prime factors of 359724695?
5, 11, 71, 92119
What are the prime factors of 1083669298?
2, 139, 3898091
List the prime factors of 1598337482.
2, 7, 23, 73, 97, 701
What are the prime factors of 14222062?
2, 7111031
List the prime factors of 14188510.
2, 5, 7, 202693
What are the prime factors of 7991818136?
2, 998977267
List the prime factors of 1654040350.
2, 5, 33080807
List the prime factors of 31078539.
3, 1151057
List the prime factors of 61930335.
3, 5, 4128689
What are the prime factors of 24368288?
2, 7, 15541
What are the prime factors of 280734047?
11, 31, 26557
List the prime factors of 14573093.
263, 55411
List the prime factors of 861089646.
2, 3, 1019, 140839
List the prime factors of 335280323.
7, 1511, 31699
List the prime factors of 6792875.
5, 31, 1753
What are the prime factors of 225255346?
2, 112627673
List the prime factors of 561963690.
2, 3, 5, 113, 163
List the prime factors of 46539742.
2, 31, 750641
List the prime factors of 491643725.
5, 31, 43, 14753
What are the prime factors of 7629174?
2, 3, 7, 20183
List the prime factors of 57392375.
5, 53, 8663
List the prime factors of 1001405480.
2, 5, 167, 149911
What are the prime factors of 45147667?
19, 1039, 2287
What are the prime factors of 882684039?
3, 41, 1439, 4987
What are the prime factors of 8230524?
2, 3, 103, 6659
List the prime factors of 423767484.
2, 3, 7, 80077
List the prime factors of 1162175615.
5, 232435123
What are the prime factors of 932095060?
2, 5, 13, 3584981
List the prime factors of 187383435.
3, 5, 17, 734837
What are the prime factors of 917104396?
2, 13, 613, 28771
List the prime factors of 14057759.
17, 826927
What are the prime factors of 2166157979?
2166157979
List the prime factors of 1883342323.
211, 8925793
List the prime factors of 56419670.
2, 5, 1117, 5051
What are the prime factors of 111233920?
2, 5, 7, 3547
List the prime factors of 448964755.
5, 137, 163, 4021
List the prime factors of 1438315278.
2, 3, 103, 2327371
List the prime factors of 7307219134.
2, 3653609567
What are the prime factors of 31176885?
3, 5, 29, 71671
List the prime factors of 477630269.
277, 1069, 1613
List the prime factors of 880230334.
2, 440115167
List the prime factors of 192254123.
192254123
What are the prime factors of 275223565?
5, 55044713
List the prime factors of 63209096.
2, 29, 272453
List the prime factors of 3255398808.
2, 3, 283, 479299
What are the prime factors of 39183656?
2, 1327, 3691
List the prime factors of 180016077.
3, 17, 397, 523
List the prime factors of 474101616.
2, 3, 1321, 7477
What are the prime factors of 14570429?
1741, 8369
What are the prime factors of 65476825?
5, 229, 11437
List the prime factors of 264963850.
2, 5, 43, 123239
List the prime factors of 149820789.
3, 1093, 45691
What are the prime factors of 96524516?
2, 11, 2193739
What are the prime factors of 1018084439?
89, 11439151
List the prime factors of 437445053.
437445053
What are the prime factors of 721470484?
2, 7, 719, 35837
What are the prime factors of 81320514?
2, 3, 11, 379, 3251
List the prime factors of 38295407.
17, 37, 107, 569
List the prime factors of 1196238952.
2, 883, 169343
What are the prime factors of 448688477?
19, 23615183
List the prime factors of 647179337.
7, 941, 98251
What are the prime factors of 79017877?
79017877
What are the prime factors of 5852730?
2, 3, 5, 13, 43, 349
What are the prime factors of 757693219?
757693219
List the prime factors of 2031679023.
3, 11, 31, 1986001
List the prime factors of 4259286921.
3, 179, 7931633
List the prime factors of 1044028991.
73, 14301767
List the prime factors of 1096254791.
25457, 43063
List the prime factors of 622655733.
3, 7, 59, 197, 2551
What are the prime factors of 93357850?
2, 5, 1867157
List the prime factors of 1052199306.
2, 3, 6709, 8713
What are the prime factors of 549717286?
2, 937, 293339
List the prime factors of 2857828.
2, 19, 31, 1213
What are the prime factors of 699031561?
83, 8422067
What are the prime factors of 637600499?
19, 33557921
What are the prime factors of 558712274?
2, 23, 89, 136471
What are the prime factors of 289511606?
2, 37, 3912319
What are the prime factors of 31470371?
23, 109, 12553
List the prime factors of 49666390.
2, 5, 4966639
What are the prime factors of 6517143?
3, 37, 19571
List the prime factors of 529970261.
47, 11275963
What are the prime factors of 1137193758?
2, 3, 53, 1192027
List the prime factors of 1100636654.
2, 13, 42332179
What are the prime factors of 866575164?
2, 3, 7, 13, 71, 11177
What are the prime factors of 65939007?
3, 643, 34183
What are the prime factors of 1406070761?
53, 1009, 26293
List the prime factors of 50480027.
13, 3883079
List the prime factors of 21643986.
2, 3, 7, 13, 809
List the prime factors of 243742920.
2, 3, 5, 43, 47237
What are the prime factors of 39914389?
2909, 13721
List the prime factors of 1806748835.
5, 361349767
List the prime factors of 20434180.
2, 5, 13, 78593
List the prime factors of 38467071.
3, 1277, 3347
List the prime factors of 373138428.
2, 3, 13, 1511, 1583
List the prime factors of 4936708339.
23, 373, 575441
What are the prime factors of 14133731?
14133731
What are the prime factors of 46105064?
2, 23, 127, 1973
List the prime factors of 1924912527.
3, 23, 27897283
What are the prime factors of 35714495?
5, 7142899
List the prime factors of 265568265.
3, 5, 401, 14717
List the prime factors of 4614659938.
2, 7, 31, 47, 226231
What are the prime factors of 25953935?
5, 7, 741541
List the prime factors of 248356942.
2, 19, 6535709
What are the prime factors of 123981987?
3, 41327329
List the prime factors of 40848035.
5, 83, 98429
List the prime factors of 31606467.
3, 3011, 3499
What are the prime factors of 391636755?
3, 5, 23, 126131
List the prime factors of 127716673.
7, 67, 272317
What are the prime factors of 361487531?
361487531
What are the prime factors of 58728954?
2, 3, 59, 165901
What are the prime factors of 887173987?
7, 126739141
List the prime factors of 1309574529.
3, 23, 151, 41897
What are the prime factors of 735160551?
3, 43, 132533
List the prime factors of 6760569.
3, 61, 36943
What are the prime factors of 606141144?
2, 3, 7, 44543
List the prime factors of 256831556.
2, 97, 283, 2339
List the prime factors of 52663359.
3, 7, 47, 229, 233
List the prime factors of 421480468.
2, 37, 433, 6577
What are the prime factors of 90479379?
3, 83, 363371
List the prime factors of 33117160.
2, 5, 827929
What are the prime factors of 1442109692?
2, 360527423
List the prime factors of 357086317.
7, 719, 70949
List the prime factors of 796755726.
2, 3, 13, 73, 46643
What are the prime factors of 18238225?
5, 37, 19717
What are the prime factors of 153898424?
2, 2549, 7547
What are the prime factors of 335509888?
2, 7, 41, 9133
List the prime factors of 1718101004.
2, 59, 7280089
List the prime factors of 4866779516.
2, 17, 79, 271, 3343
What are the prime factors of 25906084?
2, 499, 12979
What are the prime factors of 20170830?
2, 3, 5, 197, 3413
What are the prime factors of 28040361?
3, 17, 29, 18959
What are the prime factors of 8470306215?
3, 5, 7, 37, 157, 1543
What are the prime factors of 38669683?
13, 41, 72551
What are the prime factors of 1944363062?
2, 19, 51167449
What are the prime factors of 15512931?
3, 7, 211, 389
What are the prime factors of 1119571